{"id":5,"date":"2023-05-29T12:03:43","date_gmt":"2023-05-29T10:03:43","guid":{"rendered":"https:\/\/www.walk-your-dog.de\/?page_id=5"},"modified":"2024-01-02T16:57:17","modified_gmt":"2024-01-02T15:57:17","slug":"hundebetreuung-walk-your-dog","status":"publish","type":"page","link":"https:\/\/www.walk-your-dog.de\/","title":{"rendered":"Home"},"content":{"rendered":"","protected":false},"excerpt":{"rendered":"","protected":false},"author":1,"featured_media":0,"parent":0,"menu_order":0,"comment_status":"closed","ping_status":"closed","template":"page-template\/home-page.php","meta":{"footnotes":""},"class_list":["post-5","page","type-page","status-publish","hentry"],"yoast_head":"<!-- This site is optimized with the Yoast SEO plugin v20.11 - https:\/\/yoast.com\/wordpress\/plugins\/seo\/ -->\n<title>Professionelle Hundebetreuung walk your dog<\/title>\n<meta name=\"description\" content=\"Professionelle Hundebetreuung in und um L\u00fcneburg inkl Hol- und Bringservice auf einem eingez\u00e4unten Gel\u00e4nde im Hundeparadies L\u00fcneburg\" \/>\n<meta name=\"robots\" content=\"index, follow, max-snippet:-1, max-image-preview:large, max-video-preview:-1\" \/>\n<link rel=\"canonical\" href=\"https:\/\/www.walk-your-dog.de\/\" \/>\n<meta property=\"og:locale\" content=\"de_DE\" \/>\n<meta property=\"og:type\" content=\"article\" \/>\n<meta property=\"og:title\" content=\"Professionelle Hundebetreuung walk your dog\" \/>\n<meta property=\"og:description\" content=\"Professionelle Hundebetreuung in und um L\u00fcneburg inkl Hol- und Bringservice auf einem eingez\u00e4unten Gel\u00e4nde im Hundeparadies L\u00fcneburg\" \/>\n<meta property=\"og:url\" content=\"https:\/\/www.walk-your-dog.de\/\" \/>\n<meta property=\"og:site_name\" content=\"walk your dog\" \/>\n<meta property=\"article:publisher\" content=\"https:\/\/www.facebook.com\/wyd2010\" \/>\n<meta property=\"article:modified_time\" content=\"2024-01-02T15:57:17+00:00\" \/>\n<meta name=\"twitter:card\" content=\"summary_large_image\" \/>\n<script type=\"application\/ld+json\" class=\"yoast-schema-graph\">{\"@context\":\"https:\/\/schema.org\",\"@graph\":[{\"@type\":\"WebPage\",\"@id\":\"https:\/\/www.walk-your-dog.de\/\",\"url\":\"https:\/\/www.walk-your-dog.de\/\",\"name\":\"Professionelle Hundebetreuung walk your dog\",\"isPartOf\":{\"@id\":\"https:\/\/www.walk-your-dog.de\/#website\"},\"datePublished\":\"2023-05-29T10:03:43+00:00\",\"dateModified\":\"2024-01-02T15:57:17+00:00\",\"description\":\"Professionelle Hundebetreuung in und um L\u00fcneburg inkl Hol- und Bringservice auf einem eingez\u00e4unten Gel\u00e4nde im Hundeparadies L\u00fcneburg\",\"breadcrumb\":{\"@id\":\"https:\/\/www.walk-your-dog.de\/#breadcrumb\"},\"inLanguage\":\"de\",\"potentialAction\":[{\"@type\":\"ReadAction\",\"target\":[\"https:\/\/www.walk-your-dog.de\/\"]}]},{\"@type\":\"BreadcrumbList\",\"@id\":\"https:\/\/www.walk-your-dog.de\/#breadcrumb\",\"itemListElement\":[{\"@type\":\"ListItem\",\"position\":1,\"name\":\"Startseite\",\"item\":\"https:\/\/www.walk-your-dog.de\/\"},{\"@type\":\"ListItem\",\"position\":2,\"name\":\"Home\"}]},{\"@type\":\"WebSite\",\"@id\":\"https:\/\/www.walk-your-dog.de\/#website\",\"url\":\"https:\/\/www.walk-your-dog.de\/\",\"name\":\"walk your dog\",\"description\":\"Hundebetreuung\",\"publisher\":{\"@id\":\"https:\/\/www.walk-your-dog.de\/#organization\"},\"potentialAction\":[{\"@type\":\"SearchAction\",\"target\":{\"@type\":\"EntryPoint\",\"urlTemplate\":\"https:\/\/www.walk-your-dog.de\/?s={search_term_string}\"},\"query-input\":\"required name=search_term_string\"}],\"inLanguage\":\"de\"},{\"@type\":\"Organization\",\"@id\":\"https:\/\/www.walk-your-dog.de\/#organization\",\"name\":\"walk your dog - professionelle Hundebetreuung\",\"url\":\"https:\/\/www.walk-your-dog.de\/\",\"logo\":{\"@type\":\"ImageObject\",\"inLanguage\":\"de\",\"@id\":\"https:\/\/www.walk-your-dog.de\/#\/schema\/logo\/image\/\",\"url\":\"https:\/\/www.walk-your-dog.de\/wp-content\/uploads\/2023\/05\/cropped-black_logo_transparent_background.png\",\"contentUrl\":\"https:\/\/www.walk-your-dog.de\/wp-content\/uploads\/2023\/05\/cropped-black_logo_transparent_background.png\",\"width\":240,\"height\":191,\"caption\":\"walk your dog - professionelle Hundebetreuung\"},\"image\":{\"@id\":\"https:\/\/www.walk-your-dog.de\/#\/schema\/logo\/image\/\"},\"sameAs\":[\"https:\/\/www.facebook.com\/wyd2010\",\"https:\/\/www.instagram.com\/walk_your_dog_lueneburg\/?hl=de\"]}]}<\/script>\n<!-- \/ Yoast SEO plugin. -->","yoast_head_json":{"title":"Professionelle Hundebetreuung walk your dog","description":"Professionelle Hundebetreuung in und um L\u00fcneburg inkl Hol- und Bringservice auf einem eingez\u00e4unten Gel\u00e4nde im Hundeparadies L\u00fcneburg","robots":{"index":"index","follow":"follow","max-snippet":"max-snippet:-1","max-image-preview":"max-image-preview:large","max-video-preview":"max-video-preview:-1"},"canonical":"https:\/\/www.walk-your-dog.de\/","og_locale":"de_DE","og_type":"article","og_title":"Professionelle Hundebetreuung walk your dog","og_description":"Professionelle Hundebetreuung in und um L\u00fcneburg inkl Hol- und Bringservice auf einem eingez\u00e4unten Gel\u00e4nde im Hundeparadies L\u00fcneburg","og_url":"https:\/\/www.walk-your-dog.de\/","og_site_name":"walk your dog","article_publisher":"https:\/\/www.facebook.com\/wyd2010","article_modified_time":"2024-01-02T15:57:17+00:00","twitter_card":"summary_large_image","schema":{"@context":"https:\/\/schema.org","@graph":[{"@type":"WebPage","@id":"https:\/\/www.walk-your-dog.de\/","url":"https:\/\/www.walk-your-dog.de\/","name":"Professionelle Hundebetreuung walk your dog","isPartOf":{"@id":"https:\/\/www.walk-your-dog.de\/#website"},"datePublished":"2023-05-29T10:03:43+00:00","dateModified":"2024-01-02T15:57:17+00:00","description":"Professionelle Hundebetreuung in und um L\u00fcneburg inkl Hol- und Bringservice auf einem eingez\u00e4unten Gel\u00e4nde im Hundeparadies L\u00fcneburg","breadcrumb":{"@id":"https:\/\/www.walk-your-dog.de\/#breadcrumb"},"inLanguage":"de","potentialAction":[{"@type":"ReadAction","target":["https:\/\/www.walk-your-dog.de\/"]}]},{"@type":"BreadcrumbList","@id":"https:\/\/www.walk-your-dog.de\/#breadcrumb","itemListElement":[{"@type":"ListItem","position":1,"name":"Startseite","item":"https:\/\/www.walk-your-dog.de\/"},{"@type":"ListItem","position":2,"name":"Home"}]},{"@type":"WebSite","@id":"https:\/\/www.walk-your-dog.de\/#website","url":"https:\/\/www.walk-your-dog.de\/","name":"walk your dog","description":"Hundebetreuung","publisher":{"@id":"https:\/\/www.walk-your-dog.de\/#organization"},"potentialAction":[{"@type":"SearchAction","target":{"@type":"EntryPoint","urlTemplate":"https:\/\/www.walk-your-dog.de\/?s={search_term_string}"},"query-input":"required name=search_term_string"}],"inLanguage":"de"},{"@type":"Organization","@id":"https:\/\/www.walk-your-dog.de\/#organization","name":"walk your dog - professionelle Hundebetreuung","url":"https:\/\/www.walk-your-dog.de\/","logo":{"@type":"ImageObject","inLanguage":"de","@id":"https:\/\/www.walk-your-dog.de\/#\/schema\/logo\/image\/","url":"https:\/\/www.walk-your-dog.de\/wp-content\/uploads\/2023\/05\/cropped-black_logo_transparent_background.png","contentUrl":"https:\/\/www.walk-your-dog.de\/wp-content\/uploads\/2023\/05\/cropped-black_logo_transparent_background.png","width":240,"height":191,"caption":"walk your dog - professionelle Hundebetreuung"},"image":{"@id":"https:\/\/www.walk-your-dog.de\/#\/schema\/logo\/image\/"},"sameAs":["https:\/\/www.facebook.com\/wyd2010","https:\/\/www.instagram.com\/walk_your_dog_lueneburg\/?hl=de"]}]}},"_links":{"self":[{"href":"https:\/\/www.walk-your-dog.de\/index.php?rest_route=\/wp\/v2\/pages\/5","targetHints":{"allow":["GET"]}}],"collection":[{"href":"https:\/\/www.walk-your-dog.de\/index.php?rest_route=\/wp\/v2\/pages"}],"about":[{"href":"https:\/\/www.walk-your-dog.de\/index.php?rest_route=\/wp\/v2\/types\/page"}],"author":[{"embeddable":true,"href":"https:\/\/www.walk-your-dog.de\/index.php?rest_route=\/wp\/v2\/users\/1"}],"replies":[{"embeddable":true,"href":"https:\/\/www.walk-your-dog.de\/index.php?rest_route=%2Fwp%2Fv2%2Fcomments&post=5"}],"version-history":[{"count":1,"href":"https:\/\/www.walk-your-dog.de\/index.php?rest_route=\/wp\/v2\/pages\/5\/revisions"}],"predecessor-version":[{"id":502,"href":"https:\/\/www.walk-your-dog.de\/index.php?rest_route=\/wp\/v2\/pages\/5\/revisions\/502"}],"wp:attachment":[{"href":"https:\/\/www.walk-your-dog.de\/index.php?rest_route=%2Fwp%2Fv2%2Fmedia&parent=5"}],"curies":[{"name":"wp","href":"https:\/\/api.w.org\/{rel}","templated":true}]}}